1442?
4
What is the thousands digit of 6393?
6
What is the ten thousands digit of 165358?
6
What is the hundreds digit of 557?
5
What is the thousands digit of 38987?
8
What is the units digit of 64?
4
What is the units digit of 14908?
8
What is the tens digit of 42?
4
What is the thousands digit of 3891?
3
What is the tens digit of 1610?
1
What is the units digit of 69947?
7
What is the tens digit of 928?
2
What is the ten thousands digit of 60905?
6
What is the units digit of 5734?
4
What is the units digit of 2088?
8
What is the thousands digit of 1212?
1
What is the hundreds digit of 543?
5
What is the thousands digit of 47767?
7
What is the units digit of 10555?
5
What is the units digit of 12346?
6
What is the thousands digit of 52030?
2
What is the ten thousands digit of 102864?
0
What is the thousands digit of 33120?
3
What is the thousands digit of 130456?
0
What is the units digit of 1735?
5
What is the tens digit of 43260?
6
What is the units digit of 1090?
0
What is the tens digit of 850?
5
What is the hundreds digit of 332?
3
What is the tens digit of 1975?
7
What is the units digit of 69449?
9
What is the hundreds digit of 2630?
6
What is the thousands digit of 33152?
3
What is the units digit of 10110?
0
What is the hundreds digit of 3788?
7
What is the thousands digit of 12558?
2
What is the hundreds digit of 824?
8
What is the units digit of 17432?
2
What is the units digit of 2778?
8
What is the ten thousands digit of 12468?
1
What is the ten thousands digit of 24373?
2
What is the thousands digit of 142468?
2
What is the tens digit of 9261?
6
What is the hundred thousands digit of 138153?
1
What is the hundreds digit of 2971?
9
What is the ten thousands digit of 52621?
5
What is the units digit of 494?
4
What is the units digit of 115536?
6
What is the tens digit of 1209?
0
What is the thousands digit of 38617?
8
What is the tens digit of 131872?
7
What is the thousands digit of 62698?
2
What is the units digit of 149110?
0
What is the units digit of 7246?
6
What is the tens digit of 1770?
7
What is the tens digit of 349?
4
What is the tens digit of 1302?
0
What is the hundreds digit of 5969?
9
What is the tens digit of 601?
0
What is the tens digit of 460?
6
What is the tens digit of 479?
7
What is the hundreds digit of 2059?
0
What is the hundreds digit of 889?
8
What is the units digit of 1856?
6
What is the hundreds digit of 660?
6
What is the thousands digit of 8744?
8
What is the thousands digit of 3093?
3
What is the tens digit of 2648?
4
What is the tens digit of 441?
4
What is the hundreds digit of 811?
8
What is the hundreds digit of 1553?
5
What is the units digit of 831?
1
What is the thousands digit of 3536?
3
What is the units digit of 6295?
5
What is the tens digit of 2165?
6
What is the units digit of 3?
3
What is the tens digit of 859?
5
What is the thousands digit of 49385?
9
What is the thousands digit of 56017?
6
What is the hundreds digit of 3564?
5
What is the units digit of 1049?
9
What is the units digit of 277?
7
What is the thousands digit of 19348?
9
What is the units digit of 747?
7
What is the units digit of 14476?
6
What is the hundreds digit of 55514?
5
What is the units digit of 39?
9
What is the units digit of 8074?
4
What is the tens digit of 97967?
6
What is the tens digit of 10440?
4
What is the tens digit of 857?
5
What is the units digit of 3721?
1
What is the units digit of 626?
6
What is the tens digit of 1550?
5
What is the units digit of 6582?
2
What is the tens digit of 13521?
2
What is the thousands digit of 11328?
1
What is the hundred thousands digit of 122718?
1
What is the thousands digit of 17584?
7
What is the units digit of 1548?
8
What is the hundreds digit of 836?
8
What is the tens digit of 1248?
4
What is the hundreds digit of 5240?
2
What is the tens digit of 4277?
7
What is the tens digit of 397?
9
What is the tens digit of 553?
5
What is the hundreds digit of 10488?
4
What is the ten thousands digit of 33566?
3
What is the ten thousands digit of 20857?
2
What is the units digit of 490?
0
What is the units digit of 5363?
3
What is the ten thousands digit of 52088?
5
What is the units digit of 7153?
3
What is the ten thousands digit of 33178?
3
What is the tens digit of 15137?
3
What is the units digit of 40399?
9
What is the tens digit of 388?
8
What is the tens digit of 3130?
3
What is the hundreds digit of 336?
3
What is the tens digit of 45250?
5
What is the tens digit of 42090?
9
What is the thousands digit of 1942?
1
What is the tens digit of 947?
4
What is the hundreds digit of 815?
8
What is the hundreds digit of 4971?
9
What is the ten thousands digit of 61755?
6
What is the tens digit of 71406?
0
What is the thousands digit of 38273?
8
What is the units digit of 1483?
3
What is the tens digit of 206?
0
What is the tens digit of 9758?
5
What is the hundreds digit of 121?
1
What is the thousands digit of 1195?
1
What is the units digit of 28211?
1
What is the units digit of 17801?
1
What is the units digit of 495?
5
What is the thousands digit of 3674?
3
What is the units digit of 333?
3
What is the tens digit of 2046?
4
What is the hundreds digit of 1942?
9
What is the tens digit of 9550?
5
What is the units digit of 2963?
3
What is the units digit of 17050?
0
What is the hundreds digit of 10719?
7
What is the tens digit of 74998?
9
What is the tens digit of 5970?
7
What is the hundreds digit of 1427?
4
What is the tens digit of 74665?
6
What is the hundreds digit of 326?
3
What is the units digit of 6135?
5
What is the tens digit of 42558?
5
What is the thousands digit of 1573?
1
What is the thousands digit of 11688?
1
What is the hundreds digit of 1172?
1
What is the thousands digit of 1860?
1
What is the tens digit of 115265?
6
What is the units digit of 5693?
3
What is the units digit of 5214?
4
What is the tens digit of 11877?
7
What is the units digit of 89665?
5
What is the tens digit of 441?
4
What is the tens digit of 5347?
4
What is the thousands digit of 3442?
3
What is the units digit of 3816?
6
What is the hundreds digit of 112?
1
What is the units digit of 8448?
8
What is the units digit of 3022?
2
What is the thousands digit of 5441?
5
What is the tens digit of 12641?
4
What is the thousands digit of 97075?
7
What is the units digit of 731?
1
What is the hundreds digit of 327?
3
What is the thousands digit of 113128?
3
What is the tens digit of 4633?
3
What is the tens digit of 1116?
1
What is the hundreds digit of 451?
4
What is the ten thousands digit of 64941?
6
What is the hundreds digit of 18228?
2
What is the thousands digit of 4077?
4
What is the thousands digit of 1095?
1
What is the hundreds digit of 409?
4
What is the ten thousands digit of 30671?
3
What is the thousands digit of 42408?
2
What is the units digit of 4387?
7
What is the hundreds digit of 543?
5
What is the thousands digit of 4892?
4
What is the units digit of 1294?
4
What is the hundreds digit of 8686?
6
What is the thousands digit of 1660?
1
What is the thousands digit of 140264?
0
What is the tens digit of 62336?
3
What is the thousands digit of 7147?
7
What is the tens digit of 87479?
7
What is the units digit of 742?
2
What is the thousands digit of 1745?
1
What is the thousands digit of 3206?
3
What is the tens digit of 611?
1
What is the tens digit of 19836?
3
What is the tens digit of 14167?
6
What is the tens digit of 5907?
0
What is the hundreds digit of 8082?
0
What is the hundreds digit of 784?
7
What is the hundreds digit of 125312?
3
What is the tens digit of 10622?
2
What is the thousands digit of 27308?
7
What is the units digit of 186?
6
What is the units digit of 19782?
2
What is the hundreds digit of 603?
6
What is the tens digit of 2585?
8
What is the units digit of 16314?
4
What is the thousands digit of 1622?
1
What is the tens digit of 4885?
8
What is the thousands digit of 3533?
3
What is the ten thousands digit of 33804?
3
What is the tens digit of 16238?
3
What is the hundreds digit of 4502?
5
What is the units digit of 3939?
9
What is the units digit of 1333?
3
What is the tens digit of 3615?
1
What is the hundreds digit of 43306?
3
What is the ten thousands digit of 13349?
1
What is the units digit of 14797?
7
What is the ten thousands digi